= -0*r, -50 = -2*p + 4*r. Calculate the remainder when 44 is divided by p.
14
Suppose t - 3*r - 8 = 0, -2*r = 5*t - 0*r - 74. Let a(c) = -4*c + 21. What is the remainder when a(-8) is divided by t?
11
Suppose 3*i + 4*i - 980 = 0. What is the remainder when i is divided by 36?
32
Let a(q) = 2*q + 2*q + 4*q + 15. Let w be a(15). What is the remainder when 130 is divided by (-21)/28 + w/4?
31
Let n(y) = 5*y**2 + 170*y + 31. Let v(h) = 2*h**2 - 2. Suppose 4*o = -0*o - 12. What is the remainder when n(-34) is divided by v(o)?
15
Let w be ((-28)/6)/((-2)/45*-1). Let c = -85 - w. What is the remainder when 73 is divided by c?
13
Suppose 0 = 5*z - 5*g - 60, 2*g + 18 = 2*z - 3*g. Let p be 428/(-20) - (-2)/5. Let v = p - -48. What is the remainder when v is divided by z?
13
Let q = 3 + 1. Calculate the remainder when -4*(-460)/112 + (-30)/21 is divided by q.
3
Let o = 1 - 1. Suppose 10*m + 558 = 28*m. Suppose g - 167 = -5*k, -k + o*k - g + m = 0. What is the remainder when 99 is divided by k?
31
Calculate the remainder when 681/2*-3*(-2)/9 is divided by 30.
17
Let u be ((-40)/6)/(4/(-48)). Let y = -43 + u. What is the remainder when y is divided by 7 + (-48)/(-64)*(-8)/(-2)?
7
Suppose -47 = -2*g - 3. Let w = -8 + g. What is the remainder when 81 is divided by w?
11
Let u = 1927 + -1549. Calculate the remainder when u is divided by 95.
93
What is the remainder when (-120)/(-24)*284/10 is divided by 16?
14
Let a = -26 + 34. Calculate the remainder when a is divided by 4*1/2 + 2.
0
Let j(i) = -i**2 + 4*i - 2. Let p be j(2). Let d(m) = 26*m - 166. Calculate the remainder when d(7) is divided by (-3*p)/(4/(-6)).
7
Suppose -5*l + 78 = 5*u - 2*l, 3*u - 4*l = 70. Let y(t) = -t**2 + 6*t - 1. Let f be y(6). Let i = u - f. What is the remainder when 37 is divided by i?
18
Calculate the remainder when -10*11/(-770) - 6676/(-14) is divided by 60.
57
Let f be (1 + (-1)/(-2))*2. Suppose 6*v = f*v + 57. Suppose 275 = 4*r - 8*n + 3*n, 4*r + 3*n = 315. What is the remainder when r is divided by v?
18
Suppose 5*t - 28 = 4*m + 36, -5*t + 65 = -5*m. Suppose 114 + 114 = 3*o. Let z = -29 + o. What is the remainder when z is divided by t?
11
Let s be (4/(-10))/(1/(-30)). Let t = 15 - s. Suppose -d = -4*o - 10 - 12, -t*o - 19 = -d. Calculate the remainder when 18 is divided by d.
8
Suppose 0 = -2*d + 4*d - 24. Let v(z) = z**2 - 4*z + 7. Let w be v(7). Suppose 5*h - w = 3*g, 4 = h - 3*g + 8. Calculate the remainder when d is divided by h.
4
Let x = 16 - 0. Suppose -12*z = 420 - 516. Calculate the remainder when x is divided by z.
0
Let o(s) = s**3 + 54*s**2 - 197*s - 9. Calculate the remainder when o(-57) is divided by 36.
33
Suppose -5 = -8*k + 27. Let z(q) = -3*q + 2. Let r be z(-2). Suppose y - 2*m + 2 = 0, 2*m - k = -4*y + r. Calculate the remainder when 7 is divided by y.
1
Let c(x) = x**3 + x**2 - x - 4. Let z be c(0). Calculate the remainder when (-1988)/(-63) - z/9 is divided by 2.
0
Suppose -3*a = 3, -36 = -3*f + 4*a + 22. What is the remainder when f is divided by 2?
0
Suppose -3*i - 12 = -0*i. Let d = 6 + i. Suppose 5*o - 5*c - 65 = 0, 10 = o - 6*c + d*c. What is the remainder when 54 is divided by o?
12
Suppose p - 140 = -85. Calculate the remainder when 107 is divided by p.
52
Let a(b) = -7 - 50*b - 29*b + 54*b. Calculate the remainder when a(-6) is divided by 29.
27
Suppose 5*g = -4*p + 89, 110 = 4*p - 0*g - 2*g. Suppose 46*i - 61*i = -105. What is the remainder when p is divided by i?
5
Let l(w) = w + 13. Let j be l(-14). Suppose -109*b - 68 = -111*b. What is the remainder when b is divided by j*(5 + -2) - -12?
7
Suppose -58 + 98 = 2*h. Suppose -4*l + 2*p + 80 = 5*p, l + 2*p - h = 0. What is the remainder when l is divided by (-8)/(-2) - 4/(-2)?
2
What is the remainder when (-51520)/(-175) + (0 - (-4)/(-10)) is divided by 51?
39
Let i = 49 - 33. Suppose -2*u - 7 + 5 = 0. Let k(j) = -30*j**3 - 3*j**2 - j + 1. What is the remainder when k(u) is divided by i?
13
Suppose f + 3 = 0, 16 - 12 = w + f. Calculate the remainder when 71 is divided by w.
1
Let f = 21 + -21. Let i = 47 - f. Calculate the remainder when i is divided by 16.
15
Let a(p) = -p**3 + 8*p**2 + 9. Let k = -45 + 70. Suppose h = 3*j + 25, j = -h + 2*h - k. What is the remainder when h is divided by a(8)?
7
Let x = -21 + 32. Let g = 12 - x. Calculate the remainder when (-1 - -2) + 0 + 0 is divided by g.
0
Suppose 3*y = 5*y - 58. Suppose 19*d - 5*d - 224 = 0. What is the remainder when y is divided by d?
13
Let n be 2/6*(9 + -3). Suppose -5*o + 219 = -n*o. Suppose -4*r + 82 - 18 = 4*w, 4*w + 69 = 3*r. Calculate the remainder when o is divided by r.
16
Let x = -5 - 2. Let w = x - -9. What is the remainder when 7 is divided by (w + -1)/((-2)/(-6))?
1
Let q be (1/(-2))/((-10)/240). Let k = q - 8. Suppose -4*o + 17 + 27 = 0. Calculate the remainder when o is divided by k.
3
Let k = 127 - 87. Let g = -37 + k. Calculate the remainder when 3 is divided by g.
0
Let j = 1541 + -1533. Calculate the remainder when 68 is divided by j.
4
Suppose 12*r + 5*l - 36 = 10*r, 17 = r + 2*l. What is the remainder when 107 is divided by r?
3
Suppose 5*o - 81 = 2*r + 114, 0 = 5*o + 5*r - 195. Let f be (-34)/(-323) + 385/133. Suppose f + o = 3*u. What is the remainder when u is divided by 5?
4
Suppose 0 = -8*u + 50 + 86. Let h = 31 - u. What is the remainder when 25 is divided by h?
11
Suppose 6*j + 1500 = 3738. Calculate the remainder when j is divided by 63.
58
Let f be 3/(-12)*-4 - 1. Suppose f*i + 144 = 8*i. Calculate the remainder when 51 is divided by i.
15
Suppose 5*r + 0*z = -5*z + 115, r = z + 27. Suppose -3*s + 103 - r = 0. Calculate the remainder when s is divided by 3/9*(-42)/(-2).
5
Suppose 4*u + 57 = -3. Let d be 10/u - 38/6. Calculate the remainder when 1 - -2 - (-4 + d) is divided by 5.
4
Suppose 7*a - 829 = 137. What is the remainder when a is divided by 12?
6
Suppose 16*c = 266 - 58. What is the remainder when (-70)/(2 + 0)*-1 is divided by c?
9
Suppose 2*m = 3*l - 74, -5*l = -5*m - 59 - 61. Calculate the remainder when 75 is divided by l.
23
Suppose 2*i + 430 = 7*i. Suppose -12*c + 300 = -2*c. What is the remainder when i is divided by c?
26
Suppose 7*h + 99 = 36. Let u = 50 + h. What is the remainder when 79 is divided by u?
38
Suppose 5*v + 8 = 4*j - 52, 0 = -j - 4*v - 6. Let u be -1*2 + (3 - 1). Suppose u = 6*p - 10*p + 76. What is the remainder when p is divided by j?
9
Let k(h) = 5*h + 7. Let m = 13 - 8. Suppose g = 2*o - 3*o + 12, m = 5*o. Calculate the remainder when k(5) is divided by g.
10
Let z = 22 + 13. What is the remainder when 136 is divided by z?
31
Let g(w) = 8*w**2 + 12*w - 11. What is the remainder when g(1) is divided by 3?
0
What is the remainder when (3180/(-210))/((-8)/84*3) is divided by 45?
8
Let z(m) = -m**3 - 4*m**2 - 56*m - 449. Calculate the remainder when z(-7) is divided by 47.
43
Let p(c) = -c - 1. Let n = 4 - 10. Let v be p(n). Suppose -75 = -v*w + 6*s - s, 2*s = 4. What is the remainder when 50 is divided by w?
16
Let t(x) be the second derivative of -17*x**3/6 + 2*x**2 - 49*x. Suppose 3*c + 119 = 8*c + w, 0 = 4*w - 16. Calculate the remainder when t(-5) is divided by c.
20
Suppose -4*c + 23 = l, -3*l - c + 58 - 22 = 0. Suppose l*m - 112 = 3*m. What is the remainder when 67 is divided by m?
11
Let m = -41 - -58. What is the remainder when 7 is divided by (-54)/(-162) + -1 + m/3?
2
Let s(n) = -2*n**2 - 4*n + 3. Let r be s(9). Let k = r + 284. Calculate the remainder when k is divided by 18.
17
Let u = -13 - -15. Suppose 0 = -3*r + 5*m - 2, 2*r + 22 = -u*r - 3*m. What is the remainder when 17 is divided by 8 - r*(-9)/12?
2
Let m(h) = -h**2 + 3*h - h + 1 + h. Let j be m(5). Calculate the remainder when 26 is divided by 6/(-9)*3 - j.
5
Let l(u) = 2*u**2 - 35*u - 5. Calculate the remainder when 90 is divided by l(18).
12
What is the remainder when ((-6)/9)/(26/(-11232)) is divided by 99?
90
Let h = -14 - -17. Suppose 2*y + h*y + m = 82, -2*y = 4*m - 22. What is the remainder when 44 is divided by y?
10
Suppose 4*p = 5*w - 0*p - 354, 4*w = -p + 300. Let z = -35 + 36. Let x = 20 - z. Calculate the remainder when w is divided by x.
17
Suppose -3*b = -5*b + 134. Calculate the remainder when 398 is divided by b.
63
Let o(z) = z**3 - 9*z**2 - z + 9. Let j be o(9). Suppose j = -3*n + 7